93. Determine i(8).
85
Let l(k) = -33*k + 138. What is l(9)?
-159
Let l(x) = x**3 + 16*x**2 + 50*x - 54. What is l(-11)?
1
Let u(c) = 36*c + 1978. Give u(-55).
-2
Let d(g) = 2*g**3 + 112*g**2 + 127. Calculate d(-56).
127
Let c(z) = 29*z**2 + 205*z + 46. Give c(-7).
32
Let m(v) = 531*v + 2476. What is m(-5)?
-179
Let z(n) = -484*n - 975. Give z(-2).
-7
Let p(r) = -r**2 + 8*r - 26. What is p(-3)?
-59
Let v(f) = -f**3 + 38*f**2 - 15*f - 23. Determine v(1).
-1
Let s(l) = l**3 + 43*l**2 - 40*l + 85. Determine s(-44).
-91
Let q(h) = h**2 + 7*h - 47. Give q(-8).
-39
Let b(t) = -t**2 + 2*t - 17. Calculate b(5).
-32
Let j(f) = 2*f + 69. Give j(-44).
-19
Let h(y) = 2*y**2 - 47*y + 183. Give h(22).
117
Let i(s) = s**3 - 18*s**2 + 59*s - 208. Give i(15).
2
Let z(j) = -39*j + 1589. What is z(20)?
809
Let z(g) = -3*g**3 - 188*g**2 + 47*g - 1054. What is z(-63)?
-46
Let f(k) = -2*k**3 + 17*k**2 - 12*k + 13. What is f(7)?
76
Let g(k) = k**3 - 4*k**2 - 8*k + 24. Give g(5).
9
Let t(d) = 4730*d + 23663. Calculate t(-5).
13
Let s(p) = 75*p - 5698. Give s(76).
2
Let d(w) = 240*w + 4084. What is d(-17)?
4
Let i(j) = -210*j + 53757. Give i(256).
-3
Let r(c) = -2*c**3 - 10*c**2 - 12*c + 10. Calculate r(-2).
10
Let u(z) = z - 31. What is u(48)?
17
Let v(a) = -a**3 - 29*a**2 - 203*a + 21. What is v(-12)?
9
Let s(j) = j**3 + 11*j**2 - 7*j - 6. Calculate s(-11).
71
Let d(i) = 9*i + 165. Give d(1).
174
Let r(u) = -u**2 + 45*u - 467. Determine r(26).
27
Let y(n) = -n**3 - 15*n**2 - 9*n - 391. Determine y(-16).
9
Let f(n) = -262*n**2 - 12839*n - 56. What is f(-49)?
-7
Let x(k) = -69*k + 1791. Calculate x(26).
-3
Let k(f) = -f**3 + 16*f**2 + 30*f - 182. Calculate k(17).
39
Let r(y) = -2*y**3 + 37*y**2 - 137*y + 4. What is r(5)?
-6
Let t(u) = -10*u**2 + 603*u - 180. Give t(60).
0
Let l(o) = -o**3 + 54*o**2 - 61*o + 515. Determine l(53).
91
Let g(j) = -j**3 - 6*j**2 + 22*j - 78. What is g(3)?
-93
Let h(r) = -80*r**3 - 2*r**2 - 2*r + 4. Give h(1).
-80
Let n(o) = 200*o**2 - 77*o + 78. Give n(1).
201
Let w(l) = l**3 + 10*l**2 - 45*l - 84. Calculate w(-13).
-6
Let z(n) = -7162*n + 71637. Give z(10).
17
Let n(y) = 3*y**3 - 32*y**2 - 11*y + 13. Give n(11).
13
Let h(v) = -22*v**2 - 2*v + 50. Give h(0).
50
Let h(y) = -6*y**2 + 36*y - 4. Give h(3).
50
Let y(h) = -23*h**2 - 991*h - 92. Give y(-43).
-6
Let c(o) = 1055*o + 35875. Give c(-34).
5
Let j(p) = -p**3 - 20*p**2 - 48*p + 44. What is j(-17)?
-7
Let q(j) = j**2 - 50*j + 102. Calculate q(0).
102
Let r(o) = -16*o**2 + 212*o - 46. Determine r(13).
6
Let t(l) = -l**3 + l. Calculate t(0).
0
Let p(n) = 9707*n - 38832. Calculate p(4).
-4
Let g(i) = -i**3 + 14*i**2 - 99*i + 1037. Determine g(12).
137
Let s(v) = v**2 - 185*v + 543. Determine s(3).
-3
Let j(z) = -2*z**2 - 93*z + 113. Calculate j(-47).
66
Let q(l) = l**2 - 42*l + 30. Determine q(0).
30
Let k(r) = -2*r**2 - 2*r + 168. Determine k(13).
-196
Let q(f) = -4*f**2 - 30*f + 227. What is q(10)?
-473
Let y(m) = 69*m - 2113. Give y(31).
26
Let j(u) = 2*u**3 + 36*u**2 - 120*u + 2. Calculate j(3).
20
Let r(q) = -23*q - 27. What is r(-12)?
249
Let o(c) = -c**3 + 60*c**2 + 274*c - 1133. Give o(64).
19
Let d(t) = t**3 + 10*t**2 - 28*t - 101. What is d(-7)?
242
Let u(g) = 8*g - 206. Give u(35).
74
Let i(x) = -6*x**3 + 192*x**2 + 624*x + 212. Determine i(35).
2
Let i(o) = -2*o**3 - 80*o**2 - 507*o + 167. Determine i(-32).
7
Let n(c) = -41*c**2 + 2375*c + 170. Calculate n(58).
-4
Let g(d) = -d**3 - 53*d**2 - 156*d - 284. Determine g(-50).
16
Let o(g) = -g**3 - 8*g**2 - g - 14. Calculate o(-4).
-74
Let u(w) = 66*w**2 + 6*w + 5. Calculate u(-1).
65
Let n(l) = -14*l - 272. Give n(-14).
-76
Let i(d) = d**3 - 6*d**2 - 120*d + 706. What is i(11)?
-9
Let q(t) = -2*t**3 - t**2 + 12*t + 93. What is q(4)?
-3
Let a(t) = 10*t - 10. What is a(7)?
60
Let q(u) = -u**2 - 14*u + 158. Calculate q(7).
11
Let y(n) = -35*n**2 + 6*n - 12. What is y(3)?
-309
Let h(q) = 5*q**3 + 43*q + 108. What is h(-3)?
-156
Let f(w) = -w**3 + 6*w**2 + 60*w - 482. What is f(9)?
-185
Let x(s) = -6*s - 411. Give x(-70).
9
Let l(f) = 5*f**2 + 188*f + 116. Calculate l(-37).
5
Let q(x) = -x**3 - 64*x**2 - 487*x + 54. Calculate q(-9).
-18
Let l(b) = 261*b**2 - 41*b + 41. Give l(1).
261
Let r(j) = -j**3 - 184*j**2 - 715*j + 898. Calculate r(-180).
-2
Let d(s) = 3557*s - 7077. What is d(2)?
37
Let a(v) = v**2 - 12*v + 144. What is a(9)?
117
Let x(i) = 304*i + 12791. Give x(-42).
23
Let h(b) = b**3 + 17*b**2 + 66*b + 524. Determine h(-15).
-16
Let z(s) = -4*s**2 - 59*s - 3. Give z(-3).
138
Let o(v) = 271*v + 14387. Give o(-53).
24
Let g(v) = 2*v**2 + 203*v + 408. Determine g(-2).
10
Let u(t) = t**2 + 11496*t - 92034. Give u(8).
-2
Let y(q) = q**3 + 6*q**2 + 7*q - 10. Give y(-7).
-108
Let c(g) = 2*g**3 + 5*g**2 + 38*g + 56. Determine c(-2).
-16
Let s(f) = -268*f + 7. Determine s(0).
7
Let l(y) = -2129*y - 8452. Calculate l(-4).
64
Let b(y) = -63*y - 713. What is b(-11)?
-20
Let f(x) = -x**2 - 58*x - 359. Determine f(-7).
-2
Let x(c) = -29*c**2 - 433*c - 26. What is x(-15)?
-56
Let u(l) = -3*l**2 + 40*l - 120. Give u(8).
8
Let k(m) = -15*m**3 - 6*m**2 - 18*m - 21. Give k(-3).
384
Let y(x) = -x**3 + 340*x**2 + 51*x - 17343. What is y(340)?
-3
Let v(j) = j**3 - 25*j**2 + 173*j - 355. Determine v(6).
-1
Let y(v) = -v**3 + 7*v**2 + 21*v - 13. Calculate y(10).
-103
Let q(b) = 11*b**2 + 1438*b - 411. Give q(-131).
-18
Let u(r) = -3950*r - 11851. Calculate u(-3).
-1
Let c(t) = -t**2 + 11*t - 63. What is c(6)?
-33
Let b(n) = -8*n**2 - 31*n + 112. What is b(6)?
-362
Let i(j) = 59*j + 913. Give i(-19).
-208
Let n(a) = 766*a - 6901. Give n(9).
-7
Let r(o) = 490*o**2 - 2451*o - 10. Give r(5).
-15
Let o(n) = -2*n**3 + 12*n**2 + 26*n + 46. What is o(8)?
-2
Let i(a) = -a**3 - 20*a**2 + 18*a - 62. What is i(-21)?
1
Let i(m) = -m**3 + 4*m**2 + 24*m + 55. Calculate i(8).
-9
Let q(v) = -1782*v - 7146. Calculate q(-4).
-18
Let w(t) = -2*t**2 - 112*t + 156. What is w(-58)?
-76
Let x(i) = 1313*i - 9151. What is x(7)?
40
Let m(y) = -y**2 - 96*y - 867. Give m(-10).
-7
Let g(c) = -c**2 - 33*c - 15. What is g(-31)?
47
Let z(r) = -137*r + 2336. Determine z(17).
7
Let j(f) = -87*f - 875. What is j(-10)?
-5
Let l(i) = 805*i + 793. Give l(-1).
-12
Let k(b) = 2*b**2 + 103*b + 408. Calculate k(-47).
-15
Let t(u) = -u**2 + 52*u + 23365. What is t(181)?
16
Let u(y) = 775*y - 3942. Determine u(5).
-67
Let u(l) = 2*l**3 - 28*l**2 - 141*l - 68. What is u(18)?
-14
Let j(b) = -11*b**2 - 48*b + 31. What is j(-5)?
-4
Let o(y) = -2*y**3 - 18*y**2 - 39*y - 13. What is o(-4)?
-17
Let o(b) = -40*b + 551. What is o(14)?
-9
Let y(v) = -12*v**3 + 91*v**2 + 38*v + 10. Determine y(8).
-6
Let n(g) = -g**3 - 207*g**2 - 273*g - 13804. What is n(-206)?
-2
Let x(p) = -p**3 - 141*p**2 - 193*p - 7426. Determine x(-140).
-6
Let n(l) = -73*l + 343. Give n(8).
-241
Let k(a) = -5*a**2 + 427*a + 263. Give k(86).
5
Let l(a) = 11*a**2 - 1202*a + 336. Calculate l(109).
9
Let h(t) = 9*t**2 + 17*t + 24. Calculate h(-3).
54
Let v(p) = 2*p**3 + 181*p + 118. Determine v(0).
118
Let l(z) = -2490*z - 14937. Calculate l(-6).
3
Let a(s) = 8475*s + 50851. Give a(-6).
1
Let b(k) = 53*k**2 + 25066*k - 1421. Determine b(-473).
-2
Let m(l) = l**2 + 10*l - 462. Determine m(17).
-3
Let f(p) = -p**3 + 5*p**2 - 18*p + 72. Calculate f(3).
36
Let f(o) = -o**3 - o**2 - 27*o + 47. Give f(2).
-19
Let q(w) = -1073*w + 3. Give q(0).
3
Let j(u) = u**3 + 35*u**2 + 103*u - 642. Calculate j(-31).
9
Let v(n) = -301*n - 371. What is v(-4)?
833
Let s(z) = 11*z**3 + 9*z**2 + 23*z + 3. What is s(-2)?
-95
Let j(r) = 41*r**2 - 5*r - 3. What is j(-1)?
43
Let j(a) = -3*a**2 - 16*a - 34. Give j(-8).
-98
Let o(z) = 292*z - 9945. Give o(34).
-17
Let w(a) = -230*a + 496. Give w(2).
36
Let v(o) = 2*o**3 + 40*o**2 + 34*o - 48. What is v(-19)?
28
Let i(t) = t**2 + 463*t + 1379. What is i(-3)?
-1
Let v(z) = -z**3 + 11*z**2 + 23*z + 6. Determine v(11).
259
Let t(z) = z**2 - 1207*z - 24544. Determine t(-20).
-4
Let c(b) = -5*b**2 - 107*b - 571. Give c(-7).
-67
Let p(t) = 25*t - 3113. Calculate p(127).
62
Let z(k) = 24986*k + 299826. Calculate z(-12).
-6
Let l(v) = -v**2 - 62*v - 365. What is l(-56)?
-29
Let b(x) = -x**3 + 59*x**2 - 50*x + 2967. Give b(59).
17
Let g(h) = 31*h - 196. Calculate g(7).
21
Let h(f) = -181*f + 1095. Calculate h(6).
9
Let w